10100011011110111
Convert 215346 (base 9) to base 5.
13103324
Convert 63814 (base 12) to base 4.
133323100
Convert -46467 (base 10) to base 9.
-70660
What is 2c3bc (base 13) in base 11?
58249
-4a18b (base 16) to base 12
-127777
19c09b (base 14) to base 16
dfc99
Convert 323340434 (base 5) to base 12.
56a7aa
142123121 (base 5) to base 2
10110100011101011001
-330325252 (base 6) to base 5
-3002441020
Convert -1b823 (base 15) to base 13.
-31a10
-7aa4d (base 14) to base 2
-1001000110110001101
Convert -2718a (base 14) to base 8.
-274146
Convert 1035416 (base 7) to base 10.
126776
-9c625 (base 13) to base 7
-2263216
-30331760 (base 9) to base 12
-4a56553
Convert 3213135 (base 6) to base 13.
56912
What is -6058145 (base 10) in base 15?
-7ea015
493127 (base 11) to base 4
2332131110
What is -93736 (base 11) in base 15?
-2a74d
Convert 63502 (base 11) to base 13.
33103
-104aa2 (base 12) to base 15
-5138b
-111001000011111111100 (base 2) to base 5
-434313240
What is -319861 (base 11) in base 8?
-1745530
What is 8db4d (base 14) in base 15?
6c450
Convert 79ea3 (base 15) to base 12.
168699
-953946 (base 13) to base 3
-20120102222000
What is 1927686 (base 10) in base 14?
38271c
Convert 66302666 (base 7) to base 5.
2424323401
-1204331 (base 7) to base 15
-3041e
Convert 15552562 (base 7) to base 13.
40a9aa
Convert -10b661c (base 14) to base 12.
-2804182
What is 20b75 (base 13) in base 14?
1775b
-1003444224 (base 6) to base 10
-10254904
1032135 (base 6) to base 3
2121000012
42518 (base 12) to base 13
30881
Convert -2220001011001 (base 3) to base 13.
-41a256
Convert 1211120122 (base 3) to base 14.
d259
What is 22065256 (base 7) in base 14?
375cd6
Convert 1cfbfe (base 16) to base 2.
111001111101111111110
What is -2331207 (base 8) in base 9?
-1167701
11100001100100000111 (base 2) to base 14
1a09b9
Convert -326520 (base 11) to base 8.
-1771530
Convert -23221 (base 5) to base 7.
-4626
Convert -3113321 (base 4) to base 10.
-13817
What is 49bacc (base 14) in base 15?
34e694
Convert 77aa6 (base 12) to base 9.
261760
4086408 (base 9) to base 3
11002220110022
Convert -80a324a (base 11) to base 2.
-110110101000110111110011
ece30 (base 15) to base 10
752445
-11010101011101000100 (base 2) to base 10
-874308
Convert -132a9cb (base 14) to base 12.
-3120687
What is -18882 (base 11) in base 6?
-321551
Convert -1120057 (base 8) to base 4.
-1022000233
427a5 (base 11) to base 10
62188
What is -11101001101100010001 (base 2) in base 15?
-13d936
What is -126495 (base 10) in base 4?
-132320133
2e88c3 (base 15) to base 5
1034201413
218b7 (base 14) to base 16
13d99
Convert 2b531 (base 15) to base 3.
21002102101
What is -68751 (base 13) in base 14?
-4d451
Convert 134030134 (base 5) to base 13.
1b1a53
Convert 110111110001010011 (base 2) to base 16.
37c53
Convert 668134 (base 9) to base 14.
a58b2
What is -310321 (base 4) in base 11?
-25a8
What is -10c6b6 (base 13) in base 7?
-3250512
103160026 (base 7) to base 3
102120101211001
-4e8d94 (base 16) to base 14
-980180
What is -d5970 (base 15) in base 13?
-1a928c
5268243 (base 10) to base 5
2322040433
-753035 (base 8) to base 10
-251421
Convert -22131400 (base 5) to base 10.
-192725
Convert -2553064 (base 7) to base 9.
-555877
-2d7029 (base 16) to base 14
-577305
-202202120102 (base 3) to base 14
-a8cda
Convert -682255 (base 10) to base 16.
-a690f
What is 414144 (base 5) in base 9?
20673
Convert -309952 (base 10) to base 9.
-522151
Convert -1132131 (base 4) to base 12.
-35b9
Convert -101110010011001000110 (base 2) to base 10.
-1517126
Convert -78263 (base 11) to base 8.
-335446
b417 (base 15) to base 5
2204142
Convert -6b87aa (base 15) to base 12.
-187b744
Convert 133525325 (base 6) to base 7.
31652516
-4a34 (base 11) to base 3
-100000101
Convert -18f7c (base 16) to base 12.
-4b224
What is -474847 (base 13) in base 10?
-1695298
What is -66ab32 (base 13) in base 7?
-26411060
What is -12b978 (base 13) in base 15?
-8e8a2
What is -157033 (base 8) in base 15?
-11ca9
What is 23220100020 (base 4) in base 7?
34624425
What is -61c282 (base 14) in base 11?
-1953484
Convert -535e (base 15) to base 14.
-65dd
-3061326 (base 7) to base 14
-980bd
Convert 382369 (base 10) to base 5.
44213434
d0df4 (base 16) to base 8
3206764
103203 (base 4) to base 8
2343
-41241243 (base 5) to base 14
-8aba9
What is 14200220 (base 5) in base 8?
436767
-110000110110001110010010 (base 2) to base 3
-220002120011122
Convert 332012322 (base 4) to base 3.
110220222000
Convert 32166635 (base 9) to base 15.
15670eb
Convert -5771 (base 10) to base 7.
-22553
What is 35734416 (base 8) in base 14?
108355c
Convert 2403943 (base 12) to base 8.
32464603
-110011121211 (base 3) to base 4
-322133032
What is -647701 (base 15) in base 7?
-55443244
194414a (base 11) to base 2
1100100010000001011011
What is 3301060 (base 7) in base 5?
100410003
-36108 (base 13) to base 10
-99042
-132140 (base 8) to base 12
-22880
What is 1620006 (base 11) in base 16?
2a3933
-2201220322 (base 4) to base 7
-5425150
12374447 (base 8) to base 3
12011202022222
What is -1120100121 (base 3) in base 15?
-9237
4432043040 (base 5) to base 8
44623000
Convert 201001022222100 (base 3) to base 15.
d4e8c0
Convert -3c910 (base 13) to base 10.
-113581
Convert -86962 (base 10) to base 16.
-153b2
What is -82a9317 (base 11) in base 7?
-235360111
What is -455a1 (base 12) in base 6?
-1551521
What is -2178517 (base 11) in base 14?
-715535
What is 644600 (base 9) in base 16?
5dbc4
Convert -1747b (base 14) to base 7.
-332414
-3154110 (base 6) to base 3
-21212210120
3894b (base 14) to base 11
95502
What is -11111001101011011 (base 2) in base 3?
-20111100122
-cc809 (base 13) to base 15
-74b72
-3ad0c (base 15) to base 16
-2e092
What is -163725 (base 14) in base 6?
-24401353
What is -3052225 (base 6) in base 9?
-243538
Convert -93418 (base 14) to base 7.
-3005231
-100100111001000100100110 (base 2) to base 7
-145126122
-1000001101000100 (base 2) to base 4
-20031010
6179c7 (base 15) to base 2
10001101011000010001000
What is 121114 (base 6) in base 13?
4ab9
7a96a (base 14) to base 9
504054
24305030 (base 6) to base 10
770922
Convert -82112 (base 9) to base 13.
-1b79a
b7256 (base 13) to base 2
1010000100011100111
Convert 10443303 (base 6) to base 10.
316983
321588 (base 12) to base 2
11000000111111111000
Convert 10110010100011111111111 (base 2) to base 13.
129b314
What is -3735b3 (base 12) in base 8?
-3331227
Convert 1d47d (base 15) to base 8.
272436
dffa3 (base 16) to base 2
11011111111110100011
-59263a (base 14) to base 4
-23212210230
-a3d44 (base 16) to base 14
-13679a
Convert 14021026 (base 7) to base 2.
100111101001101101000
Convert 100150 (base 10) to base 2.
11000011100110110
What is -693550 (base 11) in base 14?
-209c24
Convert 181138 (base 11) to base 12.
115a20
1d68399 (base 14) to base 5
12240240134
1400677 (base 8) to base 4
1200012333
-31c14 (base 13) to base 9
-146316
8e52 (base 15) to base 14
b031
Convert -3041213424 (base 5) to base 2.
-10111101000011010110000
What is -120213 (base 11) in base 9?
-320385
Convert -45466637 (base 8) to base 4.
-211212312133
205488 (base 9) to base 4
131310203
-200541130 (base 6) to base 5
-1332403231
Convert 1902a8 (base 12) to base 16.
6a6a0
-189163 (base 10) to base 5
-22023123
-13130233 (base 5) to base 6
-2442100
Convert 6015003 (base 10) to base 5.
3014440003
What is -170c52 (base 13) in base 14?
-10cd11
-46e1 (base 15) to base 10
-15061
155330402 (base 6) to base 5
1323334223
What is 113152014 (base 6) in base 16?
2042aa
Convert -25550053 (base 6) to base 10.
-838545
-4664615 (base 7) to base 2
-10001111011100000010
What is 46557 (base 10) in base 12?
22b39
Convert -213735 (base 8) to base 2.
-10001011111011101
What is -12123221210 (base 4) in base 9?
-3148822
What is -e39a9 (base 16) in base 5?
-214313030
55abf (base 16) to base 4
1111222333
994a8 (base 14) to base 10
371372
What is -187bd (base 15) in base 13?
-2a190
Convert -2b842 (base 14) to base 6.
-2154550
20aa39 (base 11) to base 15
69b44
Convert 816392 (base 12) to base 7.
23121632
What is -175b5e (base 15) in base 6?
-40142125
What is 29439 (base 13) in base 14?
20403
Convert 67468 (base 9) to base 13.
17555
-b77b27 (base 12) to base 6
-142023251
Convert -28243 (base 11) to base 9.
-61147
What is -10001000111011101 (base 2) in base 9